{"id":116,"date":"2019-09-09T14:47:08","date_gmt":"2019-09-09T12:47:08","guid":{"rendered":"http:\/\/refonte.seminaire-prestige.fr\/chateau-disenbourg-colmar\/?page_id=116"},"modified":"2023-01-26T14:58:59","modified_gmt":"2023-01-26T13:58:59","slug":"acces","status":"publish","type":"page","link":"https:\/\/demo.seminaire-prestige.fr\/chateau-disenbourg-colmar\/acces\/","title":{"rendered":"Acc\u00e8s"},"content":{"rendered":"<div class=\"fusion-fullwidth fullwidth-box fusion-builder-row-1 fusion-flex-container nonhundred-percent-fullwidth non-hundred-percent-height-scrolling\" style=\"--awb-border-radius-top-left:0px;--awb-border-radius-top-right:0px;--awb-border-radius-bottom-right:0px;--awb-border-radius-bottom-left:0px;--awb-padding-top:60px;--awb-padding-bottom:0px;--awb-background-color:rgba(255,255,255,0);\" ><div class=\"fusion-builder-row fusion-row fusion-flex-align-items-stretch\" style=\"max-width:1144px;margin-left: calc(-4% \/ 2 );margin-right: calc(-4% \/ 2 );\"><div class=\"fusion-layout-column fusion_builder_column fusion-builder-column-0 fusion_builder_column_2_3 2_3 fusion-flex-column fusion-animated\" style=\"--awb-overflow:hidden;--awb-bg-size:cover;--awb-border-radius:25px 25px 25px 25px;--awb-width-large:66.666666666667%;--awb-margin-top-large:-50px;--awb-spacing-right-large:2.88%;--awb-margin-bottom-large:10px;--awb-spacing-left-large:2.88%;--awb-width-medium:100%;--awb-spacing-right-medium:1.92%;--awb-spacing-left-medium:1.92%;--awb-width-small:100%;--awb-spacing-right-small:1.92%;--awb-spacing-left-small:1.92%;\" data-animationType=\"fadeInLeft\" data-animationDuration=\"0.6\" data-animationOffset=\"top-into-view\"><div class=\"fusion-column-wrapper fusion-column-has-shadow fusion-flex-justify-content-flex-start fusion-content-layout-column\"><div class=\"fusion-title title fusion-title-1 fusion-title-text fusion-title-size-two\" style=\"--awb-text-color:#899064;\"><div class=\"title-sep-container title-sep-container-left fusion-no-large-visibility fusion-no-medium-visibility fusion-no-small-visibility\"><div class=\"title-sep sep-single sep-solid\" style=\"border-color:#e0dede;\"><\/div><\/div><span class=\"awb-title-spacer fusion-no-large-visibility fusion-no-medium-visibility fusion-no-small-visibility\"><\/span><h2 class=\"title-heading-left fusion-responsive-typography-calculated\" style=\"margin:0;--fontSize:26;line-height:1.69;\">Ch\u00e2teau d&rsquo;Isenbourg \u2013 Acc\u00e8s<\/h2><span class=\"awb-title-spacer\"><\/span><div class=\"title-sep-container title-sep-container-right\"><div class=\"title-sep sep-single sep-solid\" style=\"border-color:#e0dede;\"><\/div><\/div><\/div><div class=\"fusion-text fusion-text-1\"><p style=\"text-align: justify\"><span style=\"font-size: 16px\">Le Ch\u00e2teau d\u2019Isenbourg est situ\u00e9 entre Colmar (16km) et Mulhouse (30km)<\/span><\/p>\n<\/div><div class=\"fusion-tabs fusion-tabs-1 clean nav-is-justified horizontal-tabs icon-position-left mobile-mode-accordion\" style=\"--awb-title-border-radius-top-left:0px;--awb-title-border-radius-top-right:0px;--awb-title-border-radius-bottom-right:0px;--awb-title-border-radius-bottom-left:0px;--awb-alignment:center;--awb-inactive-color:#f1f2f2;--awb-background-color:#ffffff;--awb-border-color:#ebeaea;--awb-active-border-color:#899064;\"><div class=\"nav\"><ul class=\"nav-tabs nav-justified\" role=\"tablist\"><li class=\"active\" role=\"presentation\"><a class=\"tab-link\" data-toggle=\"tab\" role=\"tab\" aria-controls=\"tab-99761cacc3d2c64ea35\" aria-selected=\"true\" id=\"fusion-tab-parlaroute\" href=\"#tab-99761cacc3d2c64ea35\"><h4 class=\"fusion-tab-heading\"><i class=\"fontawesome-icon fa-road fas\" aria-hidden=\"true\" style=\"font-size:13px;\"><\/i>Par la route<\/h4><\/a><\/li><li role=\"presentation\"><a class=\"tab-link\" data-toggle=\"tab\" role=\"tab\" aria-controls=\"tab-70e229ae1eb8ddcf7c0\" aria-selected=\"false\" tabindex=\"-1\" id=\"fusion-tab-parletrain\" href=\"#tab-70e229ae1eb8ddcf7c0\"><h4 class=\"fusion-tab-heading\"><i class=\"fontawesome-icon fa-train fas\" aria-hidden=\"true\" style=\"font-size:13px;\"><\/i>Par le train<\/h4><\/a><\/li><li role=\"presentation\"><a class=\"tab-link\" data-toggle=\"tab\" role=\"tab\" aria-controls=\"tab-d195cc500ed498ec7b4\" aria-selected=\"false\" tabindex=\"-1\" id=\"fusion-tab-paravion\" href=\"#tab-d195cc500ed498ec7b4\"><h4 class=\"fusion-tab-heading\"><i class=\"fontawesome-icon fa-plane fas\" aria-hidden=\"true\" style=\"font-size:13px;\"><\/i>Par avion<\/h4><\/a><\/li><\/ul><\/div><div class=\"tab-content\"><div class=\"nav fusion-mobile-tab-nav\"><ul class=\"nav-tabs nav-justified\" role=\"tablist\"><li class=\"active\" role=\"presentation\"><a class=\"tab-link\" data-toggle=\"tab\" role=\"tab\" aria-controls=\"tab-99761cacc3d2c64ea35\" aria-selected=\"true\" id=\"mobile-fusion-tab-parlaroute\" href=\"#tab-99761cacc3d2c64ea35\"><h4 class=\"fusion-tab-heading\"><i class=\"fontawesome-icon fa-road fas\" aria-hidden=\"true\" style=\"font-size:13px;\"><\/i>Par la route<\/h4><\/a><\/li><\/ul><\/div><div class=\"tab-pane fade fusion-clearfix in active\" role=\"tabpanel\" tabindex=\"0\" aria-labelledby=\"fusion-tab-parlaroute\" id=\"tab-99761cacc3d2c64ea35\">\n<p style=\"text-align: justify\">En empruntant l&rsquo;autoroute :<br \/>\nDe Strasbourg (88 km) : A35 direction Mulhouse, sortie 28 \u00ab\u00a0Guebwiller, Niederhergheim\u00a0\u00bb<br \/>\nDe Mulhouse (30 km) : A35 direction Strasbourg, sortie 28 \u00ab\u00a0Munster, G\u00e9rardmer\u00a0\u00bb<\/p>\n<p>En empruntant les routes secondaires :<br \/>\nDe Mulhouse : D430, direction Guebwiller puis D83 direction Colmar, sortie \u00ab\u00a0Rouffach centre\u00a0\u00bb<br \/>\nDe Strasbourg, sortie 29 \u00ab\u00a0Rouffach\u00a0\u00bb<\/p>\n<p>Parking pour voitures et autocars.<\/p>\n<p>Bornes de recharge Tesla et type 2 pour voitures \u00e9lectriques<\/p>\n<\/div><div class=\"nav fusion-mobile-tab-nav\"><ul class=\"nav-tabs nav-justified\" role=\"tablist\"><li role=\"presentation\"><a class=\"tab-link\" data-toggle=\"tab\" role=\"tab\" aria-controls=\"tab-70e229ae1eb8ddcf7c0\" aria-selected=\"false\" tabindex=\"-1\" id=\"mobile-fusion-tab-parletrain\" href=\"#tab-70e229ae1eb8ddcf7c0\"><h4 class=\"fusion-tab-heading\"><i class=\"fontawesome-icon fa-train fas\" aria-hidden=\"true\" style=\"font-size:13px;\"><\/i>Par le train<\/h4><\/a><\/li><\/ul><\/div><div class=\"tab-pane fade fusion-clearfix\" role=\"tabpanel\" tabindex=\"0\" aria-labelledby=\"fusion-tab-parletrain\" id=\"tab-70e229ae1eb8ddcf7c0\">\n<p style=\"text-align: justify\">Depuis Paris, TGV Paris-Colmar (2h50)<br \/>\nChangement en gare de Colmar pour Rouffach. Taxi (2 km).<\/p>\n<\/div><div class=\"nav fusion-mobile-tab-nav\"><ul class=\"nav-tabs nav-justified\" role=\"tablist\"><li role=\"presentation\"><a class=\"tab-link\" data-toggle=\"tab\" role=\"tab\" aria-controls=\"tab-d195cc500ed498ec7b4\" aria-selected=\"false\" tabindex=\"-1\" id=\"mobile-fusion-tab-paravion\" href=\"#tab-d195cc500ed498ec7b4\"><h4 class=\"fusion-tab-heading\"><i class=\"fontawesome-icon fa-plane fas\" aria-hidden=\"true\" style=\"font-size:13px;\"><\/i>Par avion<\/h4><\/a><\/li><\/ul><\/div><div class=\"tab-pane fade fusion-clearfix\" role=\"tabpanel\" tabindex=\"0\" aria-labelledby=\"fusion-tab-paravion\" id=\"tab-d195cc500ed498ec7b4\">\n<p style=\"text-align: justify\">A\u00e9roport de B\u00e2le Mulhouse (55 km) Strasbourg Entzheim (85 km)<\/p>\n<\/div><\/div><\/div><div class=\"fusion-separator fusion-no-large-visibility fusion-full-width-sep\" style=\"align-self: center;margin-left: auto;margin-right: auto;margin-top:50px;margin-bottom:20px;width:100%;\"><div class=\"fusion-separator-border sep-single\" style=\"--awb-height:20px;--awb-amount:20px;border-color:#e0dede;border-top-width:0px;\"><\/div><\/div><\/div><\/div><div class=\"fusion-layout-column fusion_builder_column fusion-builder-column-1 fusion_builder_column_1_3 1_3 fusion-flex-column fusion-animated\" style=\"--awb-padding-bottom:0px;--awb-bg-color:#ffffff;--awb-bg-position:center center;--awb-bg-size:cover;--awb-width-large:33.333333333333%;--awb-margin-top-large:-50px;--awb-spacing-right-large:5.76%;--awb-margin-bottom-large:10px;--awb-spacing-left-large:5.76%;--awb-width-medium:100%;--awb-spacing-right-medium:1.92%;--awb-spacing-left-medium:1.92%;--awb-width-small:100%;--awb-spacing-right-small:1.92%;--awb-spacing-left-small:1.92%;\" data-animationType=\"fadeInUp\" data-animationDuration=\"0.6\" data-animationOffset=\"top-into-view\"><div class=\"fusion-column-wrapper fusion-column-has-shadow fusion-flex-justify-content-flex-start fusion-content-layout-column\"><div class=\"fusion-text fusion-text-2\"><\/div><div class=\"fusion-text fusion-text-3\"><p style=\"text-align: right\">Nous pouvons vous aider pour les transferts gare \/ a\u00e9roport.<\/p>\n<\/div><div style=\"text-align:right;\"><a class=\"fusion-button button-flat button-medium button-custom fusion-button-default button-1 fusion-button-default-span fusion-has-button-gradient\" style=\"--button_accent_color:#ffffff;--button_accent_hover_color:#ffffff;--button_border_hover_color:#ffffff;--button_border_width-top:0px;--button_border_width-right:0px;--button_border_width-bottom:0px;--button_border_width-left:0px;--button_gradient_top_color:#899064;--button_gradient_bottom_color:#818c61;--button_gradient_top_color_hover:#818c61;--button_gradient_bottom_color_hover:#899064;--button_text_transform:none;\" target=\"_self\" href=\"https:\/\/demo.seminaire-prestige.fr\/chateau-disenbourg-colmar\/demande-de-devis\/\"><span class=\"fusion-button-text\">Contacter notre \u00e9quipe<\/span><i class=\"fa-envelope fas button-icon-right\" aria-hidden=\"true\"><\/i><\/a><\/div><\/div><\/div><\/div><\/div>\n","protected":false},"excerpt":{"rendered":"","protected":false},"author":1,"featured_media":0,"parent":0,"menu_order":0,"comment_status":"closed","ping_status":"closed","template":"","meta":[],"yoast_head":"<!-- This site is optimized with the Yoast SEO plugin v20.0 - https:\/\/yoast.com\/wordpress\/plugins\/seo\/ -->\n<title>S\u00e9minaires en Alsace Rouffach - acc\u00e8s h\u00f4tel Ch\u00e2teau d&#039;Isenbourg<\/title>\n<meta name=\"description\" content=\"Vous organisez votre s\u00e9minaire au Ch\u00e2teau d&#039;Isenbourg \u00e0 Rouffach - Voici le plan et les moyens d&#039;acc\u00e8s pour rejoindre l&#039;h\u00f4tel : voiture, train, avion\" \/>\n<meta name=\"robots\" content=\"index, follow, max-snippet:-1, max-image-preview:large, max-video-preview:-1\" \/>\n<link rel=\"canonical\" href=\"https:\/\/demo.seminaire-prestige.fr\/chateau-disenbourg-colmar\/acces\/\" \/>\n<meta property=\"og:locale\" content=\"fr_FR\" \/>\n<meta property=\"og:type\" content=\"article\" \/>\n<meta property=\"og:title\" content=\"S\u00e9minaires en Alsace Rouffach - acc\u00e8s h\u00f4tel Ch\u00e2teau d&#039;Isenbourg\" \/>\n<meta property=\"og:description\" content=\"Vous organisez votre s\u00e9minaire au Ch\u00e2teau d&#039;Isenbourg \u00e0 Rouffach - Voici le plan et les moyens d&#039;acc\u00e8s pour rejoindre l&#039;h\u00f4tel : voiture, train, avion\" \/>\n<meta property=\"og:url\" content=\"https:\/\/demo.seminaire-prestige.fr\/chateau-disenbourg-colmar\/acces\/\" \/>\n<meta property=\"og:site_name\" content=\"Ch\u00e2teau d&#039;Isenbourg\" \/>\n<meta property=\"article:modified_time\" content=\"2023-01-26T13:58:59+00:00\" \/>\n<meta name=\"twitter:card\" content=\"summary_large_image\" \/>\n<meta name=\"twitter:label1\" content=\"Dur\u00e9e de lecture estim\u00e9e\" \/>\n\t<meta name=\"twitter:data1\" content=\"3 minutes\" \/>\n<script type=\"application\/ld+json\" class=\"yoast-schema-graph\">{\"@context\":\"https:\/\/schema.org\",\"@graph\":[{\"@type\":\"WebPage\",\"@id\":\"https:\/\/demo.seminaire-prestige.fr\/chateau-disenbourg-colmar\/acces\/\",\"url\":\"https:\/\/demo.seminaire-prestige.fr\/chateau-disenbourg-colmar\/acces\/\",\"name\":\"S\u00e9minaires en Alsace Rouffach - acc\u00e8s h\u00f4tel Ch\u00e2teau d'Isenbourg\",\"isPartOf\":{\"@id\":\"https:\/\/demo.seminaire-prestige.fr\/chateau-disenbourg-colmar\/#website\"},\"datePublished\":\"2019-09-09T12:47:08+00:00\",\"dateModified\":\"2023-01-26T13:58:59+00:00\",\"description\":\"Vous organisez votre s\u00e9minaire au Ch\u00e2teau d'Isenbourg \u00e0 Rouffach - Voici le plan et les moyens d'acc\u00e8s pour rejoindre l'h\u00f4tel : voiture, train, avion\",\"breadcrumb\":{\"@id\":\"https:\/\/demo.seminaire-prestige.fr\/chateau-disenbourg-colmar\/acces\/#breadcrumb\"},\"inLanguage\":\"fr-FR\",\"potentialAction\":[{\"@type\":\"ReadAction\",\"target\":[\"https:\/\/demo.seminaire-prestige.fr\/chateau-disenbourg-colmar\/acces\/\"]}]},{\"@type\":\"BreadcrumbList\",\"@id\":\"https:\/\/demo.seminaire-prestige.fr\/chateau-disenbourg-colmar\/acces\/#breadcrumb\",\"itemListElement\":[{\"@type\":\"ListItem\",\"position\":1,\"name\":\"Home\",\"item\":\"https:\/\/demo.seminaire-prestige.fr\/chateau-disenbourg-colmar\/\"},{\"@type\":\"ListItem\",\"position\":2,\"name\":\"Acc\u00e8s\"}]},{\"@type\":\"WebSite\",\"@id\":\"https:\/\/demo.seminaire-prestige.fr\/chateau-disenbourg-colmar\/#website\",\"url\":\"https:\/\/demo.seminaire-prestige.fr\/chateau-disenbourg-colmar\/\",\"name\":\"Ch\u00e2teau d&#039;Isenbourg\",\"description\":\"\",\"potentialAction\":[{\"@type\":\"SearchAction\",\"target\":{\"@type\":\"EntryPoint\",\"urlTemplate\":\"https:\/\/demo.seminaire-prestige.fr\/chateau-disenbourg-colmar\/?s={search_term_string}\"},\"query-input\":\"required name=search_term_string\"}],\"inLanguage\":\"fr-FR\"}]}<\/script>\n<!-- \/ Yoast SEO plugin. -->","yoast_head_json":{"title":"S\u00e9minaires en Alsace Rouffach - acc\u00e8s h\u00f4tel Ch\u00e2teau d'Isenbourg","description":"Vous organisez votre s\u00e9minaire au Ch\u00e2teau d'Isenbourg \u00e0 Rouffach - Voici le plan et les moyens d'acc\u00e8s pour rejoindre l'h\u00f4tel : voiture, train, avion","robots":{"index":"index","follow":"follow","max-snippet":"max-snippet:-1","max-image-preview":"max-image-preview:large","max-video-preview":"max-video-preview:-1"},"canonical":"https:\/\/demo.seminaire-prestige.fr\/chateau-disenbourg-colmar\/acces\/","og_locale":"fr_FR","og_type":"article","og_title":"S\u00e9minaires en Alsace Rouffach - acc\u00e8s h\u00f4tel Ch\u00e2teau d'Isenbourg","og_description":"Vous organisez votre s\u00e9minaire au Ch\u00e2teau d'Isenbourg \u00e0 Rouffach - Voici le plan et les moyens d'acc\u00e8s pour rejoindre l'h\u00f4tel : voiture, train, avion","og_url":"https:\/\/demo.seminaire-prestige.fr\/chateau-disenbourg-colmar\/acces\/","og_site_name":"Ch\u00e2teau d&#039;Isenbourg","article_modified_time":"2023-01-26T13:58:59+00:00","twitter_card":"summary_large_image","twitter_misc":{"Dur\u00e9e de lecture estim\u00e9e":"3 minutes"},"schema":{"@context":"https:\/\/schema.org","@graph":[{"@type":"WebPage","@id":"https:\/\/demo.seminaire-prestige.fr\/chateau-disenbourg-colmar\/acces\/","url":"https:\/\/demo.seminaire-prestige.fr\/chateau-disenbourg-colmar\/acces\/","name":"S\u00e9minaires en Alsace Rouffach - acc\u00e8s h\u00f4tel Ch\u00e2teau d'Isenbourg","isPartOf":{"@id":"https:\/\/demo.seminaire-prestige.fr\/chateau-disenbourg-colmar\/#website"},"datePublished":"2019-09-09T12:47:08+00:00","dateModified":"2023-01-26T13:58:59+00:00","description":"Vous organisez votre s\u00e9minaire au Ch\u00e2teau d'Isenbourg \u00e0 Rouffach - Voici le plan et les moyens d'acc\u00e8s pour rejoindre l'h\u00f4tel : voiture, train, avion","breadcrumb":{"@id":"https:\/\/demo.seminaire-prestige.fr\/chateau-disenbourg-colmar\/acces\/#breadcrumb"},"inLanguage":"fr-FR","potentialAction":[{"@type":"ReadAction","target":["https:\/\/demo.seminaire-prestige.fr\/chateau-disenbourg-colmar\/acces\/"]}]},{"@type":"BreadcrumbList","@id":"https:\/\/demo.seminaire-prestige.fr\/chateau-disenbourg-colmar\/acces\/#breadcrumb","itemListElement":[{"@type":"ListItem","position":1,"name":"Home","item":"https:\/\/demo.seminaire-prestige.fr\/chateau-disenbourg-colmar\/"},{"@type":"ListItem","position":2,"name":"Acc\u00e8s"}]},{"@type":"WebSite","@id":"https:\/\/demo.seminaire-prestige.fr\/chateau-disenbourg-colmar\/#website","url":"https:\/\/demo.seminaire-prestige.fr\/chateau-disenbourg-colmar\/","name":"Ch\u00e2teau d&#039;Isenbourg","description":"","potentialAction":[{"@type":"SearchAction","target":{"@type":"EntryPoint","urlTemplate":"https:\/\/demo.seminaire-prestige.fr\/chateau-disenbourg-colmar\/?s={search_term_string}"},"query-input":"required name=search_term_string"}],"inLanguage":"fr-FR"}]}},"_links":{"self":[{"href":"https:\/\/demo.seminaire-prestige.fr\/chateau-disenbourg-colmar\/wp-json\/wp\/v2\/pages\/116"}],"collection":[{"href":"https:\/\/demo.seminaire-prestige.fr\/chateau-disenbourg-colmar\/wp-json\/wp\/v2\/pages"}],"about":[{"href":"https:\/\/demo.seminaire-prestige.fr\/chateau-disenbourg-colmar\/wp-json\/wp\/v2\/types\/page"}],"author":[{"embeddable":true,"href":"https:\/\/demo.seminaire-prestige.fr\/chateau-disenbourg-colmar\/wp-json\/wp\/v2\/users\/1"}],"replies":[{"embeddable":true,"href":"https:\/\/demo.seminaire-prestige.fr\/chateau-disenbourg-colmar\/wp-json\/wp\/v2\/comments?post=116"}],"version-history":[{"count":10,"href":"https:\/\/demo.seminaire-prestige.fr\/chateau-disenbourg-colmar\/wp-json\/wp\/v2\/pages\/116\/revisions"}],"predecessor-version":[{"id":709,"href":"https:\/\/demo.seminaire-prestige.fr\/chateau-disenbourg-colmar\/wp-json\/wp\/v2\/pages\/116\/revisions\/709"}],"wp:attachment":[{"href":"https:\/\/demo.seminaire-prestige.fr\/chateau-disenbourg-colmar\/wp-json\/wp\/v2\/media?parent=116"}],"curies":[{"name":"wp","href":"https:\/\/api.w.org\/{rel}","templated":true}]}}