{"id":651,"date":"2022-02-10T10:48:28","date_gmt":"2022-02-10T09:48:28","guid":{"rendered":"https:\/\/seminaire-prestige.fr\/chateau-de-gilly-bourgogne\/?page_id=651"},"modified":"2022-03-09T12:09:03","modified_gmt":"2022-03-09T11:09:03","slug":"secret-douves","status":"publish","type":"page","link":"https:\/\/demo.seminaire-prestige.fr\/chateau-de-gilly-bourgogne\/activites\/secret-douves\/","title":{"rendered":"Secret des douves"},"content":{"rendered":"<p><div class=\"fusion-fullwidth fullwidth-box fusion-builder-row-1 fusion-flex-container nonhundred-percent-fullwidth non-hundred-percent-height-scrolling\" style=\"--awb-border-radius-top-left:0px;--awb-border-radius-top-right:0px;--awb-border-radius-bottom-right:0px;--awb-border-radius-bottom-left:0px;--awb-padding-top:40px;--awb-padding-bottom:-10px;--awb-margin-top:40px;--awb-margin-bottom:-10px;--awb-background-color:rgba(255,255,255,0);\" ><div class=\"fusion-builder-row fusion-row fusion-flex-align-items-flex-start\" style=\"max-width:calc( 1100px + 0px );margin-left: calc(-0px \/ 2 );margin-right: calc(-0px \/ 2 );\"><div class=\"fusion-layout-column fusion_builder_column fusion-builder-column-0 fusion_builder_column_1_1 1_1 fusion-flex-column fusion-animated\" style=\"--awb-bg-size:cover;--awb-width-large:100%;--awb-margin-top-large:-50px;--awb-spacing-right-large:0px;--awb-margin-bottom-large:10px;--awb-spacing-left-large:0px;--awb-width-medium:100%;--awb-spacing-right-medium:0px;--awb-spacing-left-medium:0px;--awb-width-small:100%;--awb-spacing-right-small:0px;--awb-spacing-left-small:0px;\" data-animationType=\"fadeInLeft\" data-animationDuration=\"0.6\" data-animationOffset=\"top-into-view\"><div class=\"fusion-column-wrapper fusion-column-has-shadow fusion-flex-justify-content-flex-start fusion-content-layout-column\"><div class=\"fusion-title title fusion-title-1 fusion-title-text fusion-title-size-two\" style=\"--awb-text-color:#005b96;\"><div class=\"title-sep-container title-sep-container-left fusion-no-large-visibility fusion-no-medium-visibility fusion-no-small-visibility\"><div class=\"title-sep sep-single sep-solid\" style=\"border-color:#e0dede;\"><\/div><\/div><span class=\"awb-title-spacer fusion-no-large-visibility fusion-no-medium-visibility fusion-no-small-visibility\"><\/span><h2 class=\"title-heading-left fusion-responsive-typography-calculated\" style=\"margin:0;--fontSize:26;line-height:1.69;\">Ch\u00e2teau de Gilly \u2013 Activit\u00e9s<\/h2><span class=\"awb-title-spacer\"><\/span><div class=\"title-sep-container title-sep-container-right\"><div class=\"title-sep sep-single sep-solid\" style=\"border-color:#e0dede;\"><\/div><\/div><\/div><div class=\"fusion-title title fusion-title-2 fusion-sep-none fusion-title-text fusion-title-size-three\" style=\"--awb-text-color:rgba(0,0,0,0.49);\"><h3 class=\"title-heading-right fusion-responsive-typography-calculated\" style=\"margin:0;--fontSize:24;line-height:1.67;\"><p style=\"text-align: center\"><span style=\"font-size: 18pt\">Secret des douves<\/span><\/p><\/h3><\/div><div class=\"fusion-text fusion-text-1\"><p style=\"text-align: center\">Avec l&rsquo;agence MGM<br \/>\nCe Team building est un savant m\u00e9lange de chasse au tr\u00e9sor et de challenge ludique, r\u00e9alis\u00e9 dans l\u2019enceinte du ch\u00e2teau.<\/p>\n<\/div><\/div><\/div><\/div><\/div><div class=\"fusion-fullwidth fullwidth-box fusion-builder-row-2 fusion-flex-container nonhundred-percent-fullwidth non-hundred-percent-height-scrolling\" style=\"--awb-background-position:left top;--awb-border-sizes-top:0px;--awb-border-sizes-bottom:0px;--awb-border-sizes-left:0px;--awb-border-sizes-right:0px;--awb-border-color:#f7f7f7;--awb-border-radius-top-left:0px;--awb-border-radius-top-right:0px;--awb-border-radius-bottom-right:0px;--awb-border-radius-bottom-left:0px;\" ><div class=\"fusion-builder-row fusion-row fusion-flex-align-items-flex-start\" style=\"max-width:1144px;margin-left: calc(-4% \/ 2 );margin-right: calc(-4% \/ 2 );\"><div class=\"fusion-layout-column fusion_builder_column fusion-builder-column-1 fusion_builder_column_1_2 1_2 fusion-flex-column fusion-animated\" style=\"--awb-padding-bottom:10px;--awb-overflow:hidden;--awb-bg-color:#ffffff;--awb-bg-size:cover;--awb-border-color:#005b96;--awb-border-top:3px;--awb-border-style:solid;--awb-border-radius:25px 25px 25px 25px;--awb-width-large:50%;--awb-margin-top-large:10px;--awb-spacing-right-large:15px;--awb-margin-bottom-large:10px;--awb-spacing-left-large:3.84%;--awb-width-medium:100%;--awb-spacing-right-medium:1.92%;--awb-spacing-left-medium:1.92%;--awb-width-small:100%;--awb-spacing-right-small:1.92%;--awb-spacing-left-small:1.92%;\" data-animationType=\"fadeInRight\" data-animationDuration=\"0.6\" data-animationOffset=\"top-into-view\"><div class=\"fusion-column-wrapper fusion-column-has-shadow fusion-flex-justify-content-flex-start fusion-content-layout-column\"><div class=\"fusion-image-carousel fusion-image-carousel-auto fusion-image-carousel-1 lightbox-enabled\"><div class=\"awb-carousel awb-swiper awb-swiper-carousel\" data-autoplay=\"no\" data-columns=\"1\" data-itemmargin=\"0\" data-itemwidth=\"180\" data-touchscroll=\"no\" data-imagesize=\"auto\" style=\"--awb-columns:1;--awb-column-spacing:0px;\"><div class=\"swiper-wrapper fusion-flex-align-items-center\"><div class=\"swiper-slide\"><div class=\"fusion-carousel-item-wrapper\"><div class=\"fusion-image-wrapper hover-type-none\"><a data-rel=\"iLightbox[image_carousel_1]\" href=\"https:\/\/demo.seminaire-prestige.fr\/chateau-de-gilly-bourgogne\/wp-content\/uploads\/sites\/8\/2022\/02\/secret_douves.jpg\" target=\"_self\"><img width=\"800\" height=\"400\" src=\"https:\/\/demo.seminaire-prestige.fr\/chateau-de-gilly-bourgogne\/wp-content\/uploads\/sites\/8\/2022\/02\/secret_douves.jpg\" class=\"attachment-full size-full\" alt=\"rallye voiture Bourgogne\" decoding=\"async\" srcset=\"https:\/\/demo.seminaire-prestige.fr\/chateau-de-gilly-bourgogne\/wp-content\/uploads\/sites\/8\/2022\/02\/secret_douves-200x100.jpg 200w, https:\/\/demo.seminaire-prestige.fr\/chateau-de-gilly-bourgogne\/wp-content\/uploads\/sites\/8\/2022\/02\/secret_douves-300x150.jpg 300w, https:\/\/demo.seminaire-prestige.fr\/chateau-de-gilly-bourgogne\/wp-content\/uploads\/sites\/8\/2022\/02\/secret_douves-400x200.jpg 400w, https:\/\/demo.seminaire-prestige.fr\/chateau-de-gilly-bourgogne\/wp-content\/uploads\/sites\/8\/2022\/02\/secret_douves-600x300.jpg 600w, https:\/\/demo.seminaire-prestige.fr\/chateau-de-gilly-bourgogne\/wp-content\/uploads\/sites\/8\/2022\/02\/secret_douves-768x384.jpg 768w, https:\/\/demo.seminaire-prestige.fr\/chateau-de-gilly-bourgogne\/wp-content\/uploads\/sites\/8\/2022\/02\/secret_douves.jpg 800w\" sizes=\"(max-width: 800px) 100vw, 800px\" \/><\/a><\/div><\/div><\/div><\/div><div class=\"awb-swiper-button awb-swiper-button-prev\"><i class=\"awb-icon-angle-left\" aria-hidden=\"true\"><\/i><\/div><div class=\"awb-swiper-button awb-swiper-button-next\"><i class=\"awb-icon-angle-right\" aria-hidden=\"true\"><\/i><\/div><\/div><\/div><div class=\"fusion-title title fusion-title-3 fusion-sep-none fusion-title-center fusion-title-text fusion-title-size-two\" style=\"--awb-text-color:#005b96;--awb-margin-top:-30px;--awb-margin-top-small:-20px;\"><h2 class=\"title-heading-center fusion-responsive-typography-calculated\" style=\"margin:0;--fontSize:26;line-height:1.69;\">Organisation de l&rsquo;animation<\/h2><\/div><div class=\"fusion-text fusion-text-2\"><p style=\"text-align: justify\">Les \u00e9quipes sont invit\u00e9es a r\u00e9soudre un certain nombre d\u2019\u00e9nigmes tout en \u00e9voluant sur un parcours remplit d\u2019activit\u00e9s.<br \/>\nChoix du format entre 1H00 \u00e0 2H30, le fil rouge reste la Bourgogne, le vin, la gastronomie et le ch\u00e2teau de Gilly.<br \/>\nLes animateurs accueillent les participants habill\u00e9s en costume d\u2019\u00e9poque.<br \/>\nLes activit\u00e9s propos\u00e9es : \u00c9nigmes \/ SarbaCave \/ Catapulte \/ Roue Gourmande \/ Le Tournoi de Gilly \/ Disque<\/p>\n<\/div><\/div><\/div><div class=\"fusion-layout-column fusion_builder_column fusion-builder-column-2 fusion_builder_column_1_2 1_2 fusion-flex-column fusion-animated\" style=\"--awb-padding-bottom:10px;--awb-overflow:hidden;--awb-bg-color:#ffffff;--awb-bg-size:cover;--awb-border-color:#005b96;--awb-border-top:3px;--awb-border-style:solid;--awb-border-radius:25px 25px 25px 25px;--awb-width-large:50%;--awb-margin-top-large:10px;--awb-spacing-right-large:3.84%;--awb-margin-bottom-large:10px;--awb-spacing-left-large:15px;--awb-width-medium:100%;--awb-spacing-right-medium:1.92%;--awb-spacing-left-medium:1.92%;--awb-width-small:100%;--awb-spacing-right-small:1.92%;--awb-spacing-left-small:1.92%;\" data-animationType=\"fadeInRight\" data-animationDuration=\"0.6\" data-animationOffset=\"top-into-view\"><div class=\"fusion-column-wrapper fusion-column-has-shadow fusion-flex-justify-content-flex-start fusion-content-layout-column\"><div class=\"fusion-image-carousel fusion-image-carousel-auto fusion-image-carousel-2 lightbox-enabled\"><div class=\"awb-carousel awb-swiper awb-swiper-carousel\" data-autoplay=\"no\" data-columns=\"1\" data-itemmargin=\"0\" data-itemwidth=\"180\" data-touchscroll=\"no\" data-imagesize=\"auto\" style=\"--awb-columns:1;--awb-column-spacing:0px;\"><div class=\"swiper-wrapper fusion-flex-align-items-center\"><div class=\"swiper-slide\"><div class=\"fusion-carousel-item-wrapper\"><div class=\"fusion-image-wrapper hover-type-none\"><a data-rel=\"iLightbox[image_carousel_2]\" href=\"https:\/\/demo.seminaire-prestige.fr\/chateau-de-gilly-bourgogne\/wp-content\/uploads\/sites\/8\/2022\/02\/Sans-titre-1.jpg\" target=\"_self\"><img width=\"800\" height=\"400\" src=\"https:\/\/demo.seminaire-prestige.fr\/chateau-de-gilly-bourgogne\/wp-content\/uploads\/sites\/8\/2022\/02\/Sans-titre-1.jpg\" class=\"attachment-full size-full\" alt=\"incentive vignoble Bourgogne\" decoding=\"async\" srcset=\"https:\/\/demo.seminaire-prestige.fr\/chateau-de-gilly-bourgogne\/wp-content\/uploads\/sites\/8\/2022\/02\/Sans-titre-1-200x100.jpg 200w, https:\/\/demo.seminaire-prestige.fr\/chateau-de-gilly-bourgogne\/wp-content\/uploads\/sites\/8\/2022\/02\/Sans-titre-1-300x150.jpg 300w, https:\/\/demo.seminaire-prestige.fr\/chateau-de-gilly-bourgogne\/wp-content\/uploads\/sites\/8\/2022\/02\/Sans-titre-1-400x200.jpg 400w, https:\/\/demo.seminaire-prestige.fr\/chateau-de-gilly-bourgogne\/wp-content\/uploads\/sites\/8\/2022\/02\/Sans-titre-1-600x300.jpg 600w, https:\/\/demo.seminaire-prestige.fr\/chateau-de-gilly-bourgogne\/wp-content\/uploads\/sites\/8\/2022\/02\/Sans-titre-1-768x384.jpg 768w, https:\/\/demo.seminaire-prestige.fr\/chateau-de-gilly-bourgogne\/wp-content\/uploads\/sites\/8\/2022\/02\/Sans-titre-1.jpg 800w\" sizes=\"(max-width: 800px) 100vw, 800px\" \/><\/a><\/div><\/div><\/div><\/div><div class=\"awb-swiper-button awb-swiper-button-prev\"><i class=\"awb-icon-angle-left\" aria-hidden=\"true\"><\/i><\/div><div class=\"awb-swiper-button awb-swiper-button-next\"><i class=\"awb-icon-angle-right\" aria-hidden=\"true\"><\/i><\/div><\/div><\/div><div class=\"fusion-title title fusion-title-4 fusion-sep-none fusion-title-center fusion-title-text fusion-title-size-two\" style=\"--awb-text-color:#005b96;--awb-margin-top:-30px;--awb-margin-top-small:-20px;\"><h2 class=\"title-heading-center fusion-responsive-typography-calculated\" style=\"margin:0;--fontSize:26;line-height:1.69;\">Le tournoi de Gilly<\/h2><\/div><div class=\"fusion-text fusion-text-3\"><p style=\"margin: 0cm;margin-bottom: .0001pt\">Parmi les activit\u00e9s du Secret des douves : le \u00ab\u00a0parcours \u00e0 cheval b\u00e2ton\u00a0\u00bb<br \/>\nCe sport, d\u00e9j\u00e0 reconnu en Finlande, est appel\u00e9 \u00ab\u00a0Hobbyhorse\u00a0\u00bb . Il fait fureur \u00a0gr\u00e2ce au championnat du monde parrain\u00e9 par<br \/>\nGuillaume Canet. Le concept est simple : les participants marchent, courent puis sautent au-dessus des obstacles comme avec un cheval.<br \/>\nMGM a adapt\u00e9 ce concept en team-building et vous propose une \u00e9preuves ou il va falloir faire preuve d\u2019habilit\u00e9 et de rapidit\u00e9 : Le Tournoi avec lance<br \/>\nAlors vite en selle, Fous rires assur\u00e9s!<\/p>\n<\/div><div ><a class=\"fusion-button button-flat fusion-button-default-size button-default fusion-button-default button-1 fusion-button-default-span fusion-button-default-type\" target=\"_blank\" rel=\"noopener noreferrer\" href=\"https:\/\/demo.seminaire-prestige.fr\/chateau-de-gilly-bourgogne\/wp-content\/uploads\/sites\/8\/2022\/03\/Le-Secret-des-Douves.pdf\"><span class=\"fusion-button-text\">T\u00e9l\u00e9charger la fiche activit\u00e9<\/span><\/a><\/div><\/div><\/div><\/div><\/div><div class=\"fusion-fullwidth fullwidth-box fusion-builder-row-3 fusion-flex-container nonhundred-percent-fullwidth non-hundred-percent-height-scrolling\" style=\"--awb-border-radius-top-left:0px;--awb-border-radius-top-right:0px;--awb-border-radius-bottom-right:0px;--awb-border-radius-bottom-left:0px;--awb-padding-top:0px;--awb-padding-bottom:20px;--awb-margin-top:0px;--awb-margin-bottom:20px;\" ><div class=\"fusion-builder-row fusion-row fusion-flex-align-items-flex-start\" style=\"max-width:calc( 1100px + 0px );margin-left: calc(-0px \/ 2 );margin-right: calc(-0px \/ 2 );\"><div class=\"fusion-layout-column fusion_builder_column fusion-builder-column-3 fusion_builder_column_1_1 1_1 fusion-flex-column\" style=\"--awb-bg-size:cover;--awb-width-large:100%;--awb-margin-top-large:10px;--awb-spacing-right-large:0px;--awb-margin-bottom-large:10px;--awb-spacing-left-large:0px;--awb-width-medium:100%;--awb-spacing-right-medium:0px;--awb-spacing-left-medium:0px;--awb-width-small:100%;--awb-spacing-right-small:0px;--awb-spacing-left-small:0px;\"><div class=\"fusion-column-wrapper fusion-column-has-shadow fusion-flex-justify-content-flex-start fusion-content-layout-column\"><div style=\"text-align:right;\"><a class=\"fusion-button button-flat button-small button-custom fusion-button-default button-2 fusion-button-default-span fusion-has-button-gradient\" style=\"--button_accent_color:#ffffff;--button_accent_hover_color:#ffffff;--button_border_hover_color:#ffffff;--button_border_width-top:0px;--button_border_width-right:0px;--button_border_width-bottom:0px;--button_border_width-left:0px;--button-border-radius-top-left:25px;--button-border-radius-top-right:25px;--button-border-radius-bottom-right:25px;--button-border-radius-bottom-left:25px;--button_gradient_top_color:rgba(0,91,150,0.5);--button_gradient_bottom_color:#005b96;--button_gradient_top_color_hover:#005b96;--button_gradient_bottom_color_hover:rgba(0,91,150,0.5);--button_text_transform:none;\" target=\"_blank\" rel=\"noopener noreferrer\" href=\"https:\/\/demo.seminaire-prestige.fr\/chateau-de-gilly-bourgogne\/demande-de-devis\/\"><span class=\"fusion-button-text\">Contactez notre \u00e9quipe<\/span><i class=\"fa-envelope fas button-icon-right\" aria-hidden=\"true\"><\/i><\/a><\/div><\/div><\/div><\/div><\/div><\/p>\n","protected":false},"excerpt":{"rendered":"","protected":false},"author":2,"featured_media":0,"parent":126,"menu_order":0,"comment_status":"closed","ping_status":"closed","template":"","meta":[],"yoast_head":"<!-- This site is optimized with the Yoast SEO plugin v20.0 - https:\/\/yoast.com\/wordpress\/plugins\/seo\/ -->\n<title>Activit\u00e9s, incentives Chateau de Gilly en Bourgogne<\/title>\n<meta name=\"description\" content=\"Le Ch\u00e2teau de Gilly en Bourgogne propose de nombreuses activit\u00e9s pour votre s\u00e9minaire en Bourgogne : activit\u00e9 secret des douves\" \/>\n<meta name=\"robots\" content=\"noindex, follow, max-snippet:-1, max-image-preview:large, max-video-preview:-1\" \/>\n<meta property=\"og:locale\" content=\"fr_FR\" \/>\n<meta property=\"og:type\" content=\"article\" \/>\n<meta property=\"og:title\" content=\"Activit\u00e9s, incentives Chateau de Gilly en Bourgogne\" \/>\n<meta property=\"og:description\" content=\"Le Ch\u00e2teau de Gilly en Bourgogne propose de nombreuses activit\u00e9s pour votre s\u00e9minaire en Bourgogne : activit\u00e9 secret des douves\" \/>\n<meta property=\"og:url\" content=\"https:\/\/demo.seminaire-prestige.fr\/chateau-de-gilly-bourgogne\/activites\/secret-douves\/\" \/>\n<meta property=\"og:site_name\" content=\"Ch\u00e2teau de Gilly\" \/>\n<meta property=\"article:modified_time\" content=\"2022-03-09T11:09:03+00:00\" \/>\n<meta name=\"twitter:card\" content=\"summary_large_image\" \/>\n<meta name=\"twitter:label1\" content=\"Dur\u00e9e de lecture estim\u00e9e\" \/>\n\t<meta name=\"twitter:data1\" content=\"10 minutes\" \/>\n<script type=\"application\/ld+json\" class=\"yoast-schema-graph\">{\"@context\":\"https:\/\/schema.org\",\"@graph\":[{\"@type\":\"WebPage\",\"@id\":\"https:\/\/demo.seminaire-prestige.fr\/chateau-de-gilly-bourgogne\/activites\/secret-douves\/\",\"url\":\"https:\/\/demo.seminaire-prestige.fr\/chateau-de-gilly-bourgogne\/activites\/secret-douves\/\",\"name\":\"Activit\u00e9s, incentives Chateau de Gilly en Bourgogne\",\"isPartOf\":{\"@id\":\"https:\/\/demo.seminaire-prestige.fr\/chateau-de-gilly-bourgogne\/#website\"},\"datePublished\":\"2022-02-10T09:48:28+00:00\",\"dateModified\":\"2022-03-09T11:09:03+00:00\",\"description\":\"Le Ch\u00e2teau de Gilly en Bourgogne propose de nombreuses activit\u00e9s pour votre s\u00e9minaire en Bourgogne : activit\u00e9 secret des douves\",\"breadcrumb\":{\"@id\":\"https:\/\/demo.seminaire-prestige.fr\/chateau-de-gilly-bourgogne\/activites\/secret-douves\/#breadcrumb\"},\"inLanguage\":\"fr-FR\",\"potentialAction\":[{\"@type\":\"ReadAction\",\"target\":[\"https:\/\/demo.seminaire-prestige.fr\/chateau-de-gilly-bourgogne\/activites\/secret-douves\/\"]}]},{\"@type\":\"BreadcrumbList\",\"@id\":\"https:\/\/demo.seminaire-prestige.fr\/chateau-de-gilly-bourgogne\/activites\/secret-douves\/#breadcrumb\",\"itemListElement\":[{\"@type\":\"ListItem\",\"position\":1,\"name\":\"Home\",\"item\":\"https:\/\/demo.seminaire-prestige.fr\/chateau-de-gilly-bourgogne\/\"},{\"@type\":\"ListItem\",\"position\":2,\"name\":\"Activit\u00e9s\",\"item\":\"https:\/\/demo.seminaire-prestige.fr\/chateau-de-gilly-bourgogne\/activites\/\"},{\"@type\":\"ListItem\",\"position\":3,\"name\":\"Secret des douves\"}]},{\"@type\":\"WebSite\",\"@id\":\"https:\/\/demo.seminaire-prestige.fr\/chateau-de-gilly-bourgogne\/#website\",\"url\":\"https:\/\/demo.seminaire-prestige.fr\/chateau-de-gilly-bourgogne\/\",\"name\":\"Ch\u00e2teau de Gilly\",\"description\":\"\",\"potentialAction\":[{\"@type\":\"SearchAction\",\"target\":{\"@type\":\"EntryPoint\",\"urlTemplate\":\"https:\/\/demo.seminaire-prestige.fr\/chateau-de-gilly-bourgogne\/?s={search_term_string}\"},\"query-input\":\"required name=search_term_string\"}],\"inLanguage\":\"fr-FR\"}]}<\/script>\n<!-- \/ Yoast SEO plugin. -->","yoast_head_json":{"title":"Activit\u00e9s, incentives Chateau de Gilly en Bourgogne","description":"Le Ch\u00e2teau de Gilly en Bourgogne propose de nombreuses activit\u00e9s pour votre s\u00e9minaire en Bourgogne : activit\u00e9 secret des douves","robots":{"index":"noindex","follow":"follow","max-snippet":"max-snippet:-1","max-image-preview":"max-image-preview:large","max-video-preview":"max-video-preview:-1"},"og_locale":"fr_FR","og_type":"article","og_title":"Activit\u00e9s, incentives Chateau de Gilly en Bourgogne","og_description":"Le Ch\u00e2teau de Gilly en Bourgogne propose de nombreuses activit\u00e9s pour votre s\u00e9minaire en Bourgogne : activit\u00e9 secret des douves","og_url":"https:\/\/demo.seminaire-prestige.fr\/chateau-de-gilly-bourgogne\/activites\/secret-douves\/","og_site_name":"Ch\u00e2teau de Gilly","article_modified_time":"2022-03-09T11:09:03+00:00","twitter_card":"summary_large_image","twitter_misc":{"Dur\u00e9e de lecture estim\u00e9e":"10 minutes"},"schema":{"@context":"https:\/\/schema.org","@graph":[{"@type":"WebPage","@id":"https:\/\/demo.seminaire-prestige.fr\/chateau-de-gilly-bourgogne\/activites\/secret-douves\/","url":"https:\/\/demo.seminaire-prestige.fr\/chateau-de-gilly-bourgogne\/activites\/secret-douves\/","name":"Activit\u00e9s, incentives Chateau de Gilly en Bourgogne","isPartOf":{"@id":"https:\/\/demo.seminaire-prestige.fr\/chateau-de-gilly-bourgogne\/#website"},"datePublished":"2022-02-10T09:48:28+00:00","dateModified":"2022-03-09T11:09:03+00:00","description":"Le Ch\u00e2teau de Gilly en Bourgogne propose de nombreuses activit\u00e9s pour votre s\u00e9minaire en Bourgogne : activit\u00e9 secret des douves","breadcrumb":{"@id":"https:\/\/demo.seminaire-prestige.fr\/chateau-de-gilly-bourgogne\/activites\/secret-douves\/#breadcrumb"},"inLanguage":"fr-FR","potentialAction":[{"@type":"ReadAction","target":["https:\/\/demo.seminaire-prestige.fr\/chateau-de-gilly-bourgogne\/activites\/secret-douves\/"]}]},{"@type":"BreadcrumbList","@id":"https:\/\/demo.seminaire-prestige.fr\/chateau-de-gilly-bourgogne\/activites\/secret-douves\/#breadcrumb","itemListElement":[{"@type":"ListItem","position":1,"name":"Home","item":"https:\/\/demo.seminaire-prestige.fr\/chateau-de-gilly-bourgogne\/"},{"@type":"ListItem","position":2,"name":"Activit\u00e9s","item":"https:\/\/demo.seminaire-prestige.fr\/chateau-de-gilly-bourgogne\/activites\/"},{"@type":"ListItem","position":3,"name":"Secret des douves"}]},{"@type":"WebSite","@id":"https:\/\/demo.seminaire-prestige.fr\/chateau-de-gilly-bourgogne\/#website","url":"https:\/\/demo.seminaire-prestige.fr\/chateau-de-gilly-bourgogne\/","name":"Ch\u00e2teau de Gilly","description":"","potentialAction":[{"@type":"SearchAction","target":{"@type":"EntryPoint","urlTemplate":"https:\/\/demo.seminaire-prestige.fr\/chateau-de-gilly-bourgogne\/?s={search_term_string}"},"query-input":"required name=search_term_string"}],"inLanguage":"fr-FR"}]}},"_links":{"self":[{"href":"https:\/\/demo.seminaire-prestige.fr\/chateau-de-gilly-bourgogne\/wp-json\/wp\/v2\/pages\/651"}],"collection":[{"href":"https:\/\/demo.seminaire-prestige.fr\/chateau-de-gilly-bourgogne\/wp-json\/wp\/v2\/pages"}],"about":[{"href":"https:\/\/demo.seminaire-prestige.fr\/chateau-de-gilly-bourgogne\/wp-json\/wp\/v2\/types\/page"}],"author":[{"embeddable":true,"href":"https:\/\/demo.seminaire-prestige.fr\/chateau-de-gilly-bourgogne\/wp-json\/wp\/v2\/users\/2"}],"replies":[{"embeddable":true,"href":"https:\/\/demo.seminaire-prestige.fr\/chateau-de-gilly-bourgogne\/wp-json\/wp\/v2\/comments?post=651"}],"version-history":[{"count":6,"href":"https:\/\/demo.seminaire-prestige.fr\/chateau-de-gilly-bourgogne\/wp-json\/wp\/v2\/pages\/651\/revisions"}],"predecessor-version":[{"id":663,"href":"https:\/\/demo.seminaire-prestige.fr\/chateau-de-gilly-bourgogne\/wp-json\/wp\/v2\/pages\/651\/revisions\/663"}],"up":[{"embeddable":true,"href":"https:\/\/demo.seminaire-prestige.fr\/chateau-de-gilly-bourgogne\/wp-json\/wp\/v2\/pages\/126"}],"wp:attachment":[{"href":"https:\/\/demo.seminaire-prestige.fr\/chateau-de-gilly-bourgogne\/wp-json\/wp\/v2\/media?parent=651"}],"curies":[{"name":"wp","href":"https:\/\/api.w.org\/{rel}","templated":true}]}}